 Let g = 128 - 53. What is the greatest common factor of g and a?
15
Let c be (15/((-15)/(-2)))/((-4)/(-34)). Let d = -10 - -27. What is the highest common divisor of c and d?
17
Let y = -8 - -32. Suppose 3*o + 4*g - g = 39, 0 = -2*g. Let k = y - o. Calculate the highest common factor of 1 and k.
1
Let l = -89 - -99. What is the highest common factor of l and 95?
5
Suppose -33*x + 287 = -142. What is the highest common divisor of x and 1898?
13
Let j be (5 + (-119)/21)/((-5)/60). What is the highest common factor of j and 532?
4
Suppose 160*c = 180*c - 1380. Calculate the highest common divisor of c and 644.
23
Suppose 0 = 4*j + j + 65. Let x = 12 + j. Let o be (1 - x) + 14 + -1. Calculate the greatest common divisor of o and 3.
3
Let d be ((-16)/(-7) - 12/42) + 0. Suppose d*s - 3*y - 86 = 0, -3*y + 7*y - 100 = -2*s. What is the greatest common factor of s and 69?
23
Let b = 642 - 242. What is the greatest common factor of b and 64?
16
Suppose 2*n + 84 = 6*n. Let z(c) = 4*c + 68. Let r be z(25). What is the greatest common divisor of n and r?
21
Let y be -24*14/63*(-6)/2. What is the highest common factor of 124 and y?
4
Suppose -23 = -2*t - v + 12, -45 = -2*t - 3*v. Let m = 38 + -32. Calculate the greatest common divisor of t and m.
3
Let a be 86*4/9 - 128/576. Calculate the greatest common divisor of a and 2166.
38
Let u(f) = -f + 2. Let z(w) = 1. Let o(y) = u(y) - 4*z(y). Let t be o(-5). Let a(c) = c**2 - 4. Let x be a(-5). Calculate the greatest common factor of t and x.
3
Let z be (-3 - -48)*18/15. Let o = z - 36. Let d = 48 - 21. Calculate the greatest common factor of o and d.
9
Suppose 4*d + 4 = 3*d. Let u be d*(-9)/(-42)*-14. Let f be (11/(264/(-32)))/(2/(-9)). What is the greatest common divisor of f and u?
6
Suppose -m - 5 = -2*m. Let n = -640 + 677. Let f = m + n. Calculate the highest common divisor of f and 14.
14
Let v be (-2)/(-9) - (-443)/(-9). Let w(c) = -4*c**2 + 25*c - 106. Let g be w(6). Let n = v - g. Calculate the greatest common factor of n and 34.
17
Suppose -10*z + 16394 - 334 = 0. Calculate the highest common factor of z and 22.
22
Suppose 3*r - 16 - 99 = -2*t, 0 = 2*t - 4. Let c = r - 22. Calculate the highest common divisor of c and 6.
3
Let b = -214 - -277. Let v = -1 + 8. Calculate the greatest common divisor of b and v.
7
Let r = -18 - -16. Let k be r + -2 - -4*64. What is the greatest common factor of 28 and k?
28
Suppose 0 = -r - 5*t + 28 + 40, 5*t + 106 = 2*r. What is the greatest common divisor of r and 29?
29
Let c(j) = -j**3 - 27*j**2 + 100*j - 40. Let r be c(-32). Calculate the greatest common factor of 20 and r.
20
Suppose 6 + 12 = m + 5*f, 0 = -5*m + 2*f + 144. Let y = -11 + -3. Let g = m + y. What is the highest common divisor of g and 7?
7
Let z = -551 + 823. Calculate the highest common divisor of z and 64.
16
Suppose 0*m + 2*m = 6. Let y = 11 + 3. Let d = y - 12. What is the greatest common factor of d and m?
1
Let f be ((-4)/(-8))/(((-65)/1390)/(-13)). What is the greatest common factor of f and 3197?
139
Suppose 0*o + 695 = 5*o. Suppose -5*w = 3*z - o - 227, 3*z - 4*w - 393 = 0. Let q = z + -87. Calculate the highest common factor of 8 and q.
8
Let v(u) = -3*u**2 + 69*u + 11. Let j be v(23). What is the highest common factor of 121 and j?
11
Let v be -1 + 1 + 7 + -6 + -9. Let i(u) = 4*u - 2. Let d be i(3). Let r = d + v. What is the greatest common divisor of r and 6?
2
Let n(m) = 93*m + 15. Let o be n(10). What is the greatest common divisor of 54 and o?
27
Let l(q) = -q - 16. Let f be l(-12). Let z = f + 32. Calculate the greatest common divisor of z and 7.
7
Let a(g) be the second derivative of g**4/3 + 2*g**3 + 3*g**2 - 3*g. Let l be a(-4). What is the highest common factor of 33 and l?
11
Suppose -5*t + 3*z = -859 + 49, -5*t + 810 = 2*z. What is the greatest common divisor of t and 243?
81
Suppose 6*i + 118 = 166. Calculate the highest common divisor of i and 34.
2
Let q be (66/4)/((-3)/(-4)). Let r = 11 - q. Let d = r + 25. Calculate the highest common divisor of 2 and d.
2
Let u = 158 + -113. Suppose -u = -5*j - 5*l, -2 = 2*j - 3*l - 0. Calculate the highest common factor of j and 5.
5
Let y(o) = -16*o - 5. Let h be y(-11). Suppose r + h + 50 = 0. Let d = -109 - r. What is the highest common divisor of 16 and d?
16
Let i(m) = 3*m + 54. Let u be i(-16). Let z be (-1340)/(-15) - (-4)/u. What is the greatest common divisor of z and 18?
18
Let p = -176 - -188. Calculate the greatest common divisor of 52 and p.
4
Suppose -309 = -5*r + f - 3*f, -5*f - 15 = 0. Suppose 0*k + 4*i + 11 = -3*k, 0 = -3*k + i + 14. Calculate the highest common factor of k and r.
3
Let n(q) = -6*q + 9. Let t be n(-7). Let l = t - 33. Let r = 70 - 25. What is the greatest common divisor of r and l?
9
Suppose 3*h - 4*r = -11 + 119, 2*h - 5*r = 65. What is the highest common divisor of 640 and h?
40
Let v(k) = k**3 + k**2 - 4*k + 4. Let u = 3 + -1. Let l be v(u). What is the greatest common factor of 16 and l?
8
Let g = -86 + 105. Calculate the greatest common divisor of 19 and g.
19
Let p = 885 - 793. What is the highest common divisor of p and 23?
23
Let w be -2 - ((-6)/(-3) - 117). Let z = w + -81. Suppose -z = -4*f + 4*t, 4*f + t - 24 = -7. What is the greatest common divisor of 40 and f?
5
Let x(n) be the second derivative of n**3/6 - 7*n**2/2 - 4*n. Let u be x(8). Let b be 54/4 - u/2. Calculate the highest common divisor of 52 and b.
13
Let b = 1273 + -1036. Calculate the highest common divisor of 395 and b.
79
Let k = 1029 - 1022. What is the greatest common divisor of 287 and k?
7
Suppose -3 = -3*l - 0*l. Let z = -2674 - -2683. What is the greatest common factor of z and l?
1
Let l be (-4)/(-14) + (-136)/(-14). Suppose -3*w + 5*p + 255 = 0, -2*w - 6*p + 157 = -5*p. What is the highest common divisor of l and w?
10
Suppose 6 = w - 2*k + k, 2*w + 2 = -5*k. Suppose h - 48 = -w*r + 3*h, 42 = 3*r - 3*h. What is the highest common divisor of 70 and r?
10
Suppose -7*a + 4*a + 2*k = -91, a - 4*k = 47. Let s(x) = 3*x**2 - 11*x + 5. Let u be s(4). Calculate the greatest common factor of a and u.
9
Let a = 16 - 14. Suppose -6*u - a = -8. What is the highest common divisor of 15 and u?
1
Let t = 2229 + -2199. Calculate the highest common divisor of 1590 and t.
30
Let f(v) = v**3 + 2*v**2 - 11*v - 9. Let m be f(-4). Calculate the highest common factor of 363 and m.
3
Let f = -609 - -979. Calculate the greatest common factor of f and 148.
74
Let t be ((-20)/(-4))/(1 - 0). Suppose -t*z = 2*d + 19, 3*z = d - 2*d - 11. Let s be (d - 3)*(-3 + 2). What is the greatest common divisor of s and 5?
5
Let c(g) = -g**3 - 3*g**2 + 20*g - 10. Let b be c(-7). What is the greatest common factor of b and 23?
23
Let y be (-10)/1*(20 - 34). What is the highest common divisor of 40 and y?
20
Let f = 15 + -13. Let y be 2/f*(40 + -3). Let a = y - 26. Calculate the greatest common factor of a and 11.
11
Suppose 41*w + 162 = 43*w. Let p = -35 + w. Calculate the highest common factor of p and 368.
46
Let i(x) = -4*x + 60. Suppose 5*o = 2*a + 20, 3*o + 8 = -5*a + 20. Let w be i(a). Let f = -35 + w. What is the greatest common factor of f and 50?
25
Let b be (-1768)/(-24)*(1 - -2). What is the greatest common divisor of 17 and b?
17
Suppose 2 = f - 28. Let l be 42/1 + 0 + 3. What is the highest common factor of f and l?
15
Let a be 230 + 22/(-2) - (-10)/2. Suppose 3*t + 4*w = 80, 3*t + 0*t + 2*w - 88 = 0. Calculate the highest common divisor of t and a.
32
Let n(j) = j**2 - 50*j + 465. Let h be n(38). Suppose 3*s = 1 + 8. What is the greatest common factor of s and h?
3
Let x be 50/60*6/1. Suppose x*k - 27 - 33 = 0. Calculate the greatest common factor of 84 and k.
12
Suppose -w = 4*r - 1018, 447 + 822 = 5*r + 3*w. Calculate the highest common divisor of 45 and r.
15
Let h(l) = 28*l - 84. Let y be h(9). Calculate the greatest common divisor of y and 63.
21
Let g = 35 + -30. Suppose -3*a - 6 = w, -g*a = -0*a + 20. Calculate the highest common divisor of w and 4.
2
Let h be -13 - (-107696)/128 - (-6)/(-16). Calculate the greatest common divisor of h and 184.
92
Suppose 12288 = -2*w + 6*w. Let h be 2 + (w/26 - 4/26). What is the highest common factor of 30 and h?
30
Let q(u) = 3*u - 3. Let a be q(5). Let b(y) = y**3 - 7*y**2 + 6*y + 3. Let j be b(6). Su